or of x and 60?
20
Let v be 8 + -7 - 11/(-1). Let d(w) = w**3 - 3*w - 10. Let k be d(3). What is the greatest common factor of k and v?
4
Suppose 2*o = 4*z - 2120, 3*z - 7*z - o = -2114. What is the greatest common divisor of 46 and z?
23
Let t be 242/18 + (-52)/117. What is the greatest common factor of t and 130?
13
Suppose 0*s = 2*s - 20. Let l be ((-1)/3)/(3 - 19/6). Calculate the highest common factor of l and s.
2
Let w be -12 - -2 - (-612)/4. Suppose 0 = a - 2*a + 11. What is the greatest common divisor of a and w?
11
Let l = 18 - 15. Suppose 2*x - 30 = l*i, -8*x - 5*i = -7*x - 15. What is the highest common factor of x and 300?
15
Let q = 453 - 388. Calculate the greatest common factor of 5 and q.
5
Let a(z) = z**2 + 4*z + 21. Let w be a(-7). What is the highest common factor of w and 168?
42
Let q be (-2 + 0)*6/((-72)/1542). Let u = -147 + q. Calculate the greatest common divisor of u and 22.
22
Let l = 479 + -209. What is the highest common divisor of 180 and l?
90
Suppose 0 = -5*p, -88 = -5*v - 3*p + 62. Let r be 3 + -6 + 2 + 92/2. What is the greatest common divisor of v and r?
15
Suppose -11*d + 198 = -5*d. Calculate the greatest common factor of d and 22.
11
Let t be 5/(-25) + 152/10. Let r be (1/(35/100))/2*7. What is the greatest common divisor of t and r?
5
Let c = -477 - -491. Let d be (126/(-8))/((-1)/8). What is the highest common divisor of d and c?
14
Let u(r) = r**2 + 4. Let n be u(-4). Let l be (12/(-12))/(2*(-2)/320). What is the highest common divisor of n and l?
20
Let r(n) = n**2 - 12*n - 9. Suppose 4*w + 3*u = 49, 53 = w + 3*w - u. Let y be r(w). Calculate the greatest common divisor of 28 and y.
4
Let w = 359 - 263. Calculate the highest common divisor of w and 24.
24
Let u = 369 + -327. What is the highest common factor of 294 and u?
42
Suppose 0 = -3*v + 7*v - 16. Let j be (3 - 3) + 4 + 2. Let c be 268/j - 2/3. What is the highest common divisor of c and v?
4
Let l(d) = d**3 + 19*d**2 + 12. Let n be l(-19). Calculate the greatest common divisor of n and 26.
2
Let b = 1 + 0. Let n be (20/(-6))/(b/(-3)). Let q(g) = 3*g**3 + 53*g**2 - 15*g + 58. Let i be q(-18). What is the greatest common factor of n and i?
2
Let v(p) = -p**3 - 7*p**2 + 3. Let y be v(-7). Suppose -y*o - 49 = 17. Let b = o + 41. Calculate the greatest common divisor of 133 and b.
19
Suppose 13*l - 468 = -5*l. Calculate the highest common factor of 1118 and l.
26
Suppose 0 = s - 5, s = l - 0*s - 5. Suppose -3*w + 120 = -4*u, -3*w + u + 111 + 9 = 0. What is the greatest common divisor of w and l?
10
Let z be 163*2 + 150/(-50). Calculate the greatest common divisor of z and 38.
19
Suppose 0 = -5*l + v + 94, v - 20 + 6 = -l. Let a = 6 + -4. Calculate the highest common divisor of l and a.
2
Suppose m + 2*f + 15 = 51, 3*m = 5*f + 53. What is the greatest common factor of 3406 and m?
26
Let w(y) = 33*y - 2. Let l be w(2). Let m = -2565 - -2589. Calculate the greatest common divisor of m and l.
8
Let v(g) = -3*g + 80. Let s be v(27). Let d be (84/(-63))/(s/54). Let j = 0 + 12. Calculate the greatest common divisor of j and d.
12
Let i be (-3)/(-12) + (-78)/(-8). Suppose -5*g - 135 = 3*t - 125, g + 15 = 2*t. Calculate the greatest common divisor of t and i.
5
Let q(b) = -4*b**2 - 8*b + 6. Let v be q(-6). Let t = 160 + v. What is the highest common factor of t and 28?
14
Let h = 949 + -939. Calculate the highest common factor of 710 and h.
10
Suppose 2*j - 5 = -1. Suppose -j*w + 4*w - 60 = 0. Calculate the greatest common factor of w and 120.
30
Suppose -103*n - 984 = -115*n. Calculate the highest common divisor of n and 82.
82
Let a(i) = 2*i**2 - 6*i - 55. Let s be a(-5). What is the highest common divisor of s and 550?
25
Let s = 74 + -71. Suppose -s*i + 432 = i. What is the highest common factor of i and 12?
12
Let b be (-23)/207 + (-1387)/(-9). Suppose 2*u + 5*z = -3*u + 60, 5*z - 32 = -3*u. Calculate the highest common factor of u and b.
14
Let m(k) = 6*k**3 + k. Let l be m(1). Let i = -6 + 29. Suppose 2*s = 19 + i. Calculate the highest common divisor of s and l.
7
Let m(b) = -b**3 - 2*b**2 + 5*b + 1. Let u be m(-5). Let r = -39 + u. What is the highest common factor of 8 and r?
4
Suppose -18*l - 1560 = -48*l. Let k = -43 + 173. What is the greatest common factor of k and l?
26
Let g = -46 - -793. Calculate the greatest common factor of g and 332.
83
Suppose -12 + 6 = g + 2*t, 0 = t + 5. What is the highest common factor of g and 2?
2
Suppose 0 = -4*d - 2*d + 24. Let m be (-32)/24*(-6)/d. Let i(k) = 2*k**3 - 2*k**2 - k + 4. Let o be i(m). What is the highest common divisor of o and 20?
10
Suppose 8*t = 12*t - 12, 5*m - 5*t - 215 = 0. What is the greatest common factor of m and 69?
23
Let a be (-4)/6 - ((-4280)/(-12))/(-10). What is the greatest common divisor of a and 560?
35
Let t = -1195 - -2078. Suppose 18*m - 1223 = t. What is the highest common divisor of 18 and m?
9
Let g be (5/(-3))/(-4 + (-354)/(-90)). Calculate the highest common factor of g and 475.
25
Let z be -4 + (4 - 4) + 95. Let o = 154 - z. What is the greatest common factor of o and 9?
9
Suppose 0 = 3*z, 5*z - 4 = -3*q - 34. Let v(i) = -i**2 - 14*i - 24. Let k be v(q). What is the highest common divisor of k and 112?
16
Suppose -7*r + 182 = -0*r. What is the highest common factor of r and 208?
26
Let r(n) = -2*n**3 - 4*n**2 + 3*n. Let h be r(-6). What is the highest common factor of 30 and h?
30
Let h = 892 + -767. Calculate the greatest common divisor of h and 15.
5
Let c(l) be the second derivative of l**5/20 + l**4 + 3*l**3/2 + 4*l**2 + 24*l. Let o be c(-11). What is the highest common divisor of 270 and o?
30
Let n = -397 - -1400. What is the greatest common divisor of n and 17?
17
Let i(r) = r**3 - r**2 - 8*r + 44. Let p be i(10). What is the greatest common factor of 16 and p?
16
Let r be 23 - 25 - (-59 + (0 - 1)). Let f = r - 44. Let p(b) = 13*b + 5. Let o be p(5). Calculate the greatest common factor of o and f.
14
Suppose 3*p = 2*c - 51, -3*p + 6*c - 51 = c. Let n = 23 - p. What is the greatest common factor of 40 and n?
40
Let h(d) = 2 - 12*d - 11 + d. Let z be h(-4). Calculate the highest common factor of z and 7.
7
Suppose -t + 9 = 2*d, 0 = -d + 2*t + 6 + 1. Let h = d - -1. Suppose 0 = -0*i + i - 2. What is the greatest common factor of h and i?
2
Let v = 14 - -50. Calculate the highest common factor of v and 224.
32
Suppose 1 = -d - 1. Let y = d + 3. Calculate the greatest common divisor of 3 and y.
1
Suppose -60 = -20*k + 10*k. What is the greatest common factor of k and 384?
6
Suppose -3*a + 4 - 29 = -5*j, 3*j - 16 = 2*a. Calculate the greatest common factor of j and 8.
2
Let v be ((-32)/10)/(2/(-10)). Let j be (0 - 1)/6 + (-482)/(-12). Calculate the greatest common factor of v and j.
8
Let n be (2 - (-14)/(-6))*87. Let a = -8 - n. Suppose 2*q + 4*j = -12, -3*j - 14 = -5*q + a. What is the greatest common factor of 8 and q?
4
Let p be (-11)/((-176)/24)*(-16)/(-3). What is the greatest common factor of 248 and p?
8
Suppose -4 = 2*f, -4*p - 5*f = 183 - 685. Calculate the highest common divisor of p and 96.
32
Let p(h) = h**3 + 3*h**2 + h + 1. Let y be p(-2). Suppose -3*q - y = 0, q - 224 = 3*w - 8*w. What is the greatest common divisor of 5 and w?
5
Let u = 299 - 234. Calculate the greatest common factor of 15 and u.
5
Suppose -13*q + 422 + 514 = 0. Calculate the greatest common divisor of 234 and q.
18
Let r(s) = -2*s - 11. Let f be r(10). Let p = f + 3. Let g be (-8)/p + 89/7. What is the highest common divisor of g and 13?
13
Let h = 10 + -5. Suppose -4*k + 72 = -2*x, 0*k + 2*k - 3*x = 32. Suppose -121 - k = -h*y. Calculate the highest common divisor of y and 28.
28
Let w(r) = 36*r - 366. Let c be w(11). What is the greatest common divisor of c and 20?
10
Let g = -45 - -143. Let r = 99 - g. What is the highest common factor of 8 and r?
1
Let i(c) = c**2 + 4*c. Let k be i(-3). Let a be 6210/12 + k/2. Let f be a/8 - 2/(-4). What is the greatest common factor of 13 and f?
13
Let y(q) = -q**2 + 17*q + 41. Let r(o) = -o**2 + 18*o + 41. Let c(t) = 3*r(t) - 2*y(t). Let x be c(21). Calculate the greatest common divisor of x and 5.
5
Suppose -2*i - 3 = -11. Suppose 23 = i*y - 29. Let k = y - -7. What is the greatest common factor of 20 and k?
20
Suppose 3*w - 4 = w. Suppos